{"id":151,"date":"2025-09-04T17:46:00","date_gmt":"2025-09-04T15:46:00","guid":{"rendered":"https:\/\/franziska-schill.de\/?page_id=151"},"modified":"2026-04-02T17:54:18","modified_gmt":"2026-04-02T15:54:18","slug":"main-page-home","status":"publish","type":"page","link":"https:\/\/franziska-schill.de\/","title":{"rendered":"Startseite"},"content":{"rendered":"\t\t<div data-elementor-type=\"wp-page\" data-elementor-id=\"151\" class=\"elementor elementor-151\" data-elementor-post-type=\"page\">\n\t\t\t\t<div class=\"elementor-element elementor-element-2cb80e4b e-flex e-con-boxed e-con e-parent\" data-id=\"2cb80e4b\" data-element_type=\"container\">\n\t\t\t\t\t<div class=\"e-con-inner\">\n\t\t\t\t<div class=\"elementor-element elementor-element-759b5cb2 elementor-widget__width-inherit elementor--h-position-left elementor--v-position-top elementor-pagination-position-inside elementor-widget elementor-widget-slides\" data-id=\"759b5cb2\" data-element_type=\"widget\" data-settings=\"{&quot;navigation&quot;:&quot;dots&quot;,&quot;transition&quot;:&quot;slide&quot;,&quot;transition_speed&quot;:500}\" data-widget_type=\"slides.default\">\n\t\t\t\t\t\t\t\t\t\t<div class=\"elementor-slides-wrapper elementor-main-swiper swiper\" role=\"region\" aria-roledescription=\"carousel\" aria-label=\"Slides\" dir=\"ltr\" data-animation=\"\">\n\t\t\t\t<div class=\"swiper-wrapper elementor-slides\">\n\t\t\t\t\t\t\t\t\t\t<div class=\"elementor-repeater-item-a5247bd swiper-slide\" role=\"group\" aria-roledescription=\"slide\"><div class=\"swiper-slide-bg\" role=\"img\"><\/div><div class=\"swiper-slide-inner\" ><div class=\"swiper-slide-contents\"><div class=\"elementor-slide-heading\">\"Es handelt sich darum, alles zu leben.\" <\/div><div class=\"elementor-slide-description\">Rainer Maria Rilke<\/div><\/div><\/div><\/div><div class=\"elementor-repeater-item-399ce75 swiper-slide\" role=\"group\" aria-roledescription=\"slide\"><div class=\"swiper-slide-bg\" role=\"img\"><\/div><div class=\"swiper-slide-inner\" ><div class=\"swiper-slide-contents\"><div class=\"elementor-slide-heading\">\"F\u00fchle dich in alles hinein. Werde was du bist.\" J.G. Herder<\/div><\/div><\/div><\/div>\t\t\t\t<\/div>\n\t\t\t\t\t\t\t\t\t\t\t\t\t\t\t\t\t\t\t\t<div class=\"swiper-pagination\"><\/div>\n\t\t\t\t\t\t\t\t\t\t\t\t<\/div>\n\t\t\t\t\t\t\t\t<\/div>\n\t\t\t\t\t<\/div>\n\t\t\t\t<\/div>\n\t\t<div class=\"elementor-element elementor-element-3ee5539e elementor-hidden-tablet e-flex e-con-boxed e-con e-parent\" data-id=\"3ee5539e\" data-element_type=\"container\">\n\t\t\t\t\t<div class=\"e-con-inner\">\n\t\t\t\t<div class=\"elementor-element elementor-element-20f558e elementor-hidden-mobile elementor-widget-divider--view-line elementor-widget elementor-widget-global elementor-global-723 elementor-widget-divider\" data-id=\"20f558e\" data-element_type=\"widget\" data-widget_type=\"divider.default\">\n\t\t\t\t\t\t\t<div class=\"elementor-divider\">\n\t\t\t<span class=\"elementor-divider-separator\">\n\t\t\t\t\t\t<\/span>\n\t\t<\/div>\n\t\t\t\t\t\t<\/div>\n\t\t\t\t\t<\/div>\n\t\t\t\t<\/div>\n\t\t<div class=\"elementor-element elementor-element-67b5f67b e-flex e-con-boxed e-con e-parent\" data-id=\"67b5f67b\" data-element_type=\"container\">\n\t\t\t\t\t<div class=\"e-con-inner\">\n\t\t<div class=\"elementor-element elementor-element-3e4ad929 e-con-full e-flex e-con e-child\" data-id=\"3e4ad929\" data-element_type=\"container\">\n\t\t\t\t<div class=\"elementor-element elementor-element-3b132e2b elementor-widget elementor-widget-text-editor\" data-id=\"3b132e2b\" data-element_type=\"widget\" data-widget_type=\"text-editor.default\">\n\t\t\t\t\t\t\t\t\t<h2>Gestaltweg<\/h2><h3 class=\"p1\">Du m\u00f6chtest das Leben wieder intensiver sp\u00fcren? Dir der F\u00fclle des Augenblicks wieder gewahr werden? Dein Leben so gestalten, dass du ganz in ihm sein kannst? Gestalttherapie nimmt dich mit auf einen Weg der Selbsterkenntnis, des inneren Wachstums und der Transformation des Lebens.<\/h3><p><a href=\"https:\/\/franziska-schill.de\/?page_id=205\">weiterlesen&#8230;<\/a><\/p>\t\t\t\t\t\t\t\t<\/div>\n\t\t\t\t<\/div>\n\t\t<div class=\"elementor-element elementor-element-58d186e4 e-con-full e-flex e-con e-child\" data-id=\"58d186e4\" data-element_type=\"container\">\n\t\t\t\t<div class=\"elementor-element elementor-element-5323226d elementor-widget elementor-widget-image\" data-id=\"5323226d\" data-element_type=\"widget\" data-widget_type=\"image.default\">\n\t\t\t\t\t\t\t\t\t\t\t\t\t\t\t<img fetchpriority=\"high\" decoding=\"async\" width=\"800\" height=\"607\" src=\"https:\/\/franziska-schill.de\/wp-content\/uploads\/2025\/09\/110-DSC08811-scaled-e1760951977559-1024x777.jpg\" class=\"attachment-large size-large wp-image-339\" alt=\"\" srcset=\"https:\/\/franziska-schill.de\/wp-content\/uploads\/2025\/09\/110-DSC08811-scaled-e1760951977559-1024x777.jpg 1024w, https:\/\/franziska-schill.de\/wp-content\/uploads\/2025\/09\/110-DSC08811-scaled-e1760951977559-300x228.jpg 300w, https:\/\/franziska-schill.de\/wp-content\/uploads\/2025\/09\/110-DSC08811-scaled-e1760951977559-768x583.jpg 768w, https:\/\/franziska-schill.de\/wp-content\/uploads\/2025\/09\/110-DSC08811-scaled-e1760951977559-1536x1166.jpg 1536w, https:\/\/franziska-schill.de\/wp-content\/uploads\/2025\/09\/110-DSC08811-scaled-e1760951977559-2048x1554.jpg 2048w\" sizes=\"(max-width: 800px) 100vw, 800px\" \/>\t\t\t\t\t\t\t\t\t\t\t\t\t\t\t<\/div>\n\t\t\t\t<\/div>\n\t\t\t\t\t<\/div>\n\t\t\t\t<\/div>\n\t\t<div class=\"elementor-element elementor-element-9ae5324 e-flex e-con-boxed e-con e-parent\" data-id=\"9ae5324\" data-element_type=\"container\">\n\t\t\t\t\t<div class=\"e-con-inner\">\n\t\t\t\t<div class=\"elementor-element elementor-element-b0acf04 elementor-hidden-mobile elementor-widget-divider--view-line elementor-widget elementor-widget-divider\" data-id=\"b0acf04\" data-element_type=\"widget\" data-widget_type=\"divider.default\">\n\t\t\t\t\t\t\t<div class=\"elementor-divider\">\n\t\t\t<span class=\"elementor-divider-separator\">\n\t\t\t\t\t\t<\/span>\n\t\t<\/div>\n\t\t\t\t\t\t<\/div>\n\t\t\t\t\t<\/div>\n\t\t\t\t<\/div>\n\t\t<div class=\"elementor-element elementor-element-40f74163 e-grid elementor-hidden-desktop elementor-hidden-tablet e-con-boxed e-con e-parent\" data-id=\"40f74163\" data-element_type=\"container\">\n\t\t\t\t\t<div class=\"e-con-inner\">\n\t\t\t\t<div class=\"elementor-element elementor-element-29fd062b elementor-widget elementor-widget-image\" data-id=\"29fd062b\" data-element_type=\"widget\" data-widget_type=\"image.default\">\n\t\t\t\t\t\t\t\t\t\t\t\t\t\t\t<img decoding=\"async\" src=\"https:\/\/franziska-schill.de\/wp-content\/uploads\/elementor\/thumbs\/DSC00716-rotated-rdej3tae2st8rqpxhvwgnpawdacdf4129on34k5324.jpg\" title=\"DSC00716\" alt=\"DSC00716\" loading=\"lazy\" \/>\t\t\t\t\t\t\t\t\t\t\t\t\t\t\t<\/div>\n\t\t\t\t\t<\/div>\n\t\t\t\t<\/div>\n\t\t<div class=\"elementor-element elementor-element-3740ccc1 e-flex e-con-boxed e-con e-parent\" data-id=\"3740ccc1\" data-element_type=\"container\">\n\t\t\t\t\t<div class=\"e-con-inner\">\n\t\t<div class=\"elementor-element elementor-element-12288700 e-con-full e-flex e-con e-child\" data-id=\"12288700\" data-element_type=\"container\">\n\t\t\t\t<div class=\"elementor-element elementor-element-ba12f2e elementor-hidden-mobile elementor-widget elementor-widget-image\" data-id=\"ba12f2e\" data-element_type=\"widget\" data-widget_type=\"image.default\">\n\t\t\t\t\t\t\t\t\t\t\t\t\t\t\t<img decoding=\"async\" width=\"768\" height=\"1024\" src=\"https:\/\/franziska-schill.de\/wp-content\/uploads\/2026\/04\/DSC012472-e1775145246474-768x1024.jpg\" class=\"attachment-large size-large wp-image-893\" alt=\"\" srcset=\"https:\/\/franziska-schill.de\/wp-content\/uploads\/2026\/04\/DSC012472-e1775145246474-768x1024.jpg 768w, https:\/\/franziska-schill.de\/wp-content\/uploads\/2026\/04\/DSC012472-e1775145246474-225x300.jpg 225w, https:\/\/franziska-schill.de\/wp-content\/uploads\/2026\/04\/DSC012472-e1775145246474.jpg 977w\" sizes=\"(max-width: 768px) 100vw, 768px\" \/>\t\t\t\t\t\t\t\t\t\t\t\t\t\t\t<\/div>\n\t\t\t\t<\/div>\n\t\t<div class=\"elementor-element elementor-element-7074bb8d e-con-full e-flex e-con e-child\" data-id=\"7074bb8d\" data-element_type=\"container\" data-settings=\"{&quot;animation&quot;:&quot;none&quot;}\">\n\t\t\t\t<div class=\"elementor-element elementor-element-7125c610 elementor-widget elementor-widget-text-editor\" data-id=\"7125c610\" data-element_type=\"widget\" data-widget_type=\"text-editor.default\">\n\t\t\t\t\t\t\t\t\t<h2>\u00dcber Franziska<\/h2><h3>&#8222;F\u00fcr mich bedeutet die Einladung des Gestaltweges, sich immer wieder in das eigene Leben zu verlieben, egal wie oft es einem das Herz gebrochen hat.&#8220;<\/h3>\t\t\t\t\t\t\t\t<\/div>\n\t\t\t\t<div class=\"elementor-element elementor-element-a50a589 elementor-widget elementor-widget-text-editor\" data-id=\"a50a589\" data-element_type=\"widget\" data-widget_type=\"text-editor.default\">\n\t\t\t\t\t\t\t\t\t<p>Ich habe durch meine Yogapraxis zum Gestaltweg gefunden. Nach mehr als zehn Jahren Yoga hatte ich zwar ein gutes K\u00f6rpergef\u00fchl, eine gesch\u00e4rfte Wahrnehmung und war tief in die yogische und buddhistische Philosophie eingetaucht. Dennoch sp\u00fcrte ich: etwas fehlt. Es war ein Gegen\u00fcber, das wertfrei und offen mit liebevoller G\u00fcte mich betrachtete. Dies konnte ich durch den Gestaltweg finden und in die Welt der Beziehung eintauchen: Beziehungen zu anderen Menschen, der Natur, dem Spirituellen.\u00a0<\/p><p>F\u00fcr andere in der Gestaltpraxis und -therapie ein solches Gegen\u00fcber zu werden, betrachte ich als eines der gro\u00dfen Privilegien meines Lebens. F\u00fcr Menschen einen Raum zu halten, in dem sie ganz sie selbst sein und werden d\u00fcrfen, ist mein Leitstern.<\/p><p>Meine Arbeit ist gepr\u00e4gt durch das dialogische Prinzip und die Ph\u00e4nomenologie. Sie ist zudem inspiriert durch meine Erfahrungen im Yoga &#8211; das k\u00f6rperliche Sp\u00fcren, Beobachtung der Atmung &#8211; Ideen verschiedener Philosophen, darunter auch Jiddu Krishnamurti, und der Poesie, besonders der von Rainer Maria Rilke.<\/p><p><a href=\"https:\/\/franziska-schill.de\/?page_id=198\">weiterlesen&#8230;<\/a><\/p>\t\t\t\t\t\t\t\t<\/div>\n\t\t\t\t<\/div>\n\t\t\t\t\t<\/div>\n\t\t\t\t<\/div>\n\t\t<div class=\"elementor-element elementor-element-129574ce elementor-hidden-tablet e-flex e-con-boxed e-con e-parent\" data-id=\"129574ce\" data-element_type=\"container\">\n\t\t\t\t\t<div class=\"e-con-inner\">\n\t\t\t\t<div class=\"elementor-element elementor-element-5aa091e5 elementor-hidden-mobile elementor-widget-divider--view-line elementor-widget elementor-widget-divider\" data-id=\"5aa091e5\" data-element_type=\"widget\" data-widget_type=\"divider.default\">\n\t\t\t\t\t\t\t<div class=\"elementor-divider\">\n\t\t\t<span class=\"elementor-divider-separator\">\n\t\t\t\t\t\t<\/span>\n\t\t<\/div>\n\t\t\t\t\t\t<\/div>\n\t\t\t\t\t<\/div>\n\t\t\t\t<\/div>\n\t\t<div class=\"elementor-element elementor-element-1ad6c244 e-flex e-con-boxed e-con e-parent\" data-id=\"1ad6c244\" data-element_type=\"container\">\n\t\t\t\t\t<div class=\"e-con-inner\">\n\t\t<div class=\"elementor-element elementor-element-39b13c78 e-con-full e-flex e-con e-child\" data-id=\"39b13c78\" data-element_type=\"container\">\n\t\t\t\t<div class=\"elementor-element elementor-element-310816c5 elementor-widget elementor-widget-text-editor\" data-id=\"310816c5\" data-element_type=\"widget\" data-widget_type=\"text-editor.default\">\n\t\t\t\t\t\t\t\t\t<h2>M\u00f6gliche Themen<\/h2><h3 class=\"p1\">Die Gestalttherapie eignet sich sehr gut f\u00fcr eine breite Palette von Themen. Oftmals wird ein dahinterliegendes Thema pr\u00e4gnant.\u00a0<\/h3><p>\u00a0In meiner Arbeit begleite ich dich bei der Selbsterforschung zu deinem Thema. Ich arbeite vorwiegend zu diesen Themen:<\/p><ul><li>Kl\u00e4rung von beruflichen oder privaten Herausforderungen und neuen Perspektiven<\/li><li>schwierige Entscheidungssituationen<\/li><li>Burnout-Pr\u00e4vention<\/li><li>Unterst\u00fctzung bei Lebens\u00fcberg\u00e4ngen und Ver\u00e4nderungsprozessen<\/li><li>Unsicherheit im beruflichen oder privaten Kontext, Lampenfieber<\/li><li>Arbeitsplatz- oder Beziehungskonflikte<\/li><li>schwierige Familiendynamik<\/li><li>Selbstakzeptanz und St\u00e4rkung des eigenen Selbstwertgef\u00fchls<\/li><li>Gef\u00fchl der Heimatlosigkeit, fremd in Deutschland, zwischen den Kulturen<\/li><li>Umgang mit psychisch krankem Familienmitglied<\/li><\/ul><p>Dies ist kein Heilversprechen; Gestalttherapie ersetzt keine psychotherapeutische Behandlung.\u00a0<\/p><p><a href=\"https:\/\/franziska-schill.de\/?page_id=195\">Mehr \u00fcber Themen lesen&#8230;<\/a><\/p>\t\t\t\t\t\t\t\t<\/div>\n\t\t\t\t<\/div>\n\t\t<div class=\"elementor-element elementor-element-501a656 e-con-full e-flex e-con e-child\" data-id=\"501a656\" data-element_type=\"container\">\n\t\t\t\t<div class=\"elementor-element elementor-element-9ad33ef elementor-widget elementor-widget-image\" data-id=\"9ad33ef\" data-element_type=\"widget\" data-widget_type=\"image.default\">\n\t\t\t\t\t\t\t\t\t\t\t\t\t\t\t<img decoding=\"async\" width=\"800\" height=\"534\" src=\"https:\/\/franziska-schill.de\/wp-content\/uploads\/2025\/09\/27-DSC08414-1024x683.jpg\" class=\"attachment-large size-large wp-image-361\" alt=\"\" srcset=\"https:\/\/franziska-schill.de\/wp-content\/uploads\/2025\/09\/27-DSC08414-1024x683.jpg 1024w, https:\/\/franziska-schill.de\/wp-content\/uploads\/2025\/09\/27-DSC08414-300x200.jpg 300w, https:\/\/franziska-schill.de\/wp-content\/uploads\/2025\/09\/27-DSC08414-768x512.jpg 768w, https:\/\/franziska-schill.de\/wp-content\/uploads\/2025\/09\/27-DSC08414-1536x1025.jpg 1536w, https:\/\/franziska-schill.de\/wp-content\/uploads\/2025\/09\/27-DSC08414-2048x1366.jpg 2048w\" sizes=\"(max-width: 800px) 100vw, 800px\" \/>\t\t\t\t\t\t\t\t\t\t\t\t\t\t\t<\/div>\n\t\t\t\t<\/div>\n\t\t\t\t\t<\/div>\n\t\t\t\t<\/div>\n\t\t\t\t<\/div>\n\t\t","protected":false},"excerpt":{"rendered":"<p>&#8222;Es handelt sich darum, alles zu leben.&#8220; Rainer Maria Rilke&#8220;F\u00fchle dich in alles hinein. Werde was du bist.&#8220; J.G. Herder Gestaltweg Du m\u00f6chtest das Leben wieder intensiver sp\u00fcren? Dir der F\u00fclle des Augenblicks wieder gewahr werden? Dein Leben so gestalten, dass du ganz in ihm sein kannst? Gestalttherapie nimmt dich mit auf einen Weg der [&hellip;]<\/p>\n","protected":false},"author":1,"featured_media":0,"parent":0,"menu_order":0,"comment_status":"closed","ping_status":"closed","template":"","meta":{"footnotes":""},"class_list":["post-151","page","type-page","status-publish","hentry"],"_links":{"self":[{"href":"https:\/\/franziska-schill.de\/index.php?rest_route=\/wp\/v2\/pages\/151","targetHints":{"allow":["GET"]}}],"collection":[{"href":"https:\/\/franziska-schill.de\/index.php?rest_route=\/wp\/v2\/pages"}],"about":[{"href":"https:\/\/franziska-schill.de\/index.php?rest_route=\/wp\/v2\/types\/page"}],"author":[{"embeddable":true,"href":"https:\/\/franziska-schill.de\/index.php?rest_route=\/wp\/v2\/users\/1"}],"replies":[{"embeddable":true,"href":"https:\/\/franziska-schill.de\/index.php?rest_route=%2Fwp%2Fv2%2Fcomments&post=151"}],"version-history":[{"count":212,"href":"https:\/\/franziska-schill.de\/index.php?rest_route=\/wp\/v2\/pages\/151\/revisions"}],"predecessor-version":[{"id":896,"href":"https:\/\/franziska-schill.de\/index.php?rest_route=\/wp\/v2\/pages\/151\/revisions\/896"}],"wp:attachment":[{"href":"https:\/\/franziska-schill.de\/index.php?rest_route=%2Fwp%2Fv2%2Fmedia&parent=151"}],"curies":[{"name":"wp","href":"https:\/\/api.w.org\/{rel}","templated":true}]}}