{"id":195,"date":"2025-09-04T17:46:10","date_gmt":"2025-09-04T15:46:10","guid":{"rendered":"https:\/\/franziska-schill.de\/?page_id=195"},"modified":"2025-10-16T22:12:34","modified_gmt":"2025-10-16T20:12:34","slug":"classes","status":"publish","type":"page","link":"https:\/\/franziska-schill.de\/?page_id=195","title":{"rendered":"Themen"},"content":{"rendered":"\t\t<div data-elementor-type=\"wp-page\" data-elementor-id=\"195\" class=\"elementor elementor-195\" data-elementor-post-type=\"page\">\n\t\t\t\t<div class=\"elementor-element elementor-element-5acb4234 e-con-full e-flex e-con e-parent\" data-id=\"5acb4234\" data-element_type=\"container\">\n\t\t\t\t<div class=\"elementor-element elementor-element-5af0971a elementor--h-position-center elementor--v-position-middle elementor-pagination-position-inside elementor-widget elementor-widget-slides\" data-id=\"5af0971a\" data-element_type=\"widget\" data-settings=\"{&quot;navigation&quot;:&quot;dots&quot;,&quot;autoplay&quot;:&quot;yes&quot;,&quot;pause_on_hover&quot;:&quot;yes&quot;,&quot;pause_on_interaction&quot;:&quot;yes&quot;,&quot;autoplay_speed&quot;:5000,&quot;infinite&quot;:&quot;yes&quot;,&quot;transition&quot;:&quot;slide&quot;,&quot;transition_speed&quot;:500}\" data-widget_type=\"slides.default\">\n\t\t\t\t\t\t\t\t\t\t<div class=\"elementor-slides-wrapper elementor-main-swiper swiper\" role=\"region\" aria-roledescription=\"carousel\" aria-label=\"Slides\" dir=\"ltr\" data-animation=\"\">\n\t\t\t\t<div class=\"swiper-wrapper elementor-slides\">\n\t\t\t\t\t\t\t\t\t\t<div class=\"elementor-repeater-item-93679ca swiper-slide\" role=\"group\" aria-roledescription=\"slide\"><div class=\"swiper-slide-bg\" role=\"img\"><\/div><div class=\"swiper-slide-inner\" ><div class=\"swiper-slide-contents\"><\/div><\/div><\/div>\t\t\t\t<\/div>\n\t\t\t\t\t\t\t<\/div>\n\t\t\t\t\t\t\t\t<\/div>\n\t\t\t\t<\/div>\n\t\t<div class=\"elementor-element elementor-element-6b37dfc1 e-flex e-con-boxed e-con e-parent\" data-id=\"6b37dfc1\" data-element_type=\"container\">\n\t\t\t\t\t<div class=\"e-con-inner\">\n\t\t\t\t<div class=\"elementor-element elementor-element-45a6a11f elementor-widget elementor-widget-heading\" data-id=\"45a6a11f\" data-element_type=\"widget\" data-widget_type=\"heading.default\">\n\t\t\t\t\t<h3 class=\"elementor-heading-title elementor-size-default\">Reserve your spot today. Small group, mindful setting, all levels.<\/h3>\t\t\t\t<\/div>\n\t\t\t\t\t<\/div>\n\t\t\t\t<\/div>\n\t\t<div class=\"elementor-element elementor-element-6396c317 e-flex e-con-boxed e-con e-parent\" data-id=\"6396c317\" data-element_type=\"container\">\n\t\t\t\t\t<div class=\"e-con-inner\">\n\t\t<div class=\"elementor-element elementor-element-32b6481d e-con-full e-flex e-con e-child\" data-id=\"32b6481d\" data-element_type=\"container\">\n\t\t\t\t<div class=\"elementor-element elementor-element-589008de elementor-widget elementor-widget-heading\" data-id=\"589008de\" data-element_type=\"widget\" data-widget_type=\"heading.default\">\n\t\t\t\t\t<h3 class=\"elementor-heading-title elementor-size-default\">Im eigenen Leben Ankommen<\/h3>\t\t\t\t<\/div>\n\t\t\t\t<div class=\"elementor-element elementor-element-70272d84 elementor-widget elementor-widget-text-editor\" data-id=\"70272d84\" data-element_type=\"widget\" data-widget_type=\"text-editor.default\">\n\t\t\t\t\t\t\t\t\t<p class=\"a-b-r-La\">Sinn der Gestalttherapie ist es in meinen Augen, sich wieder in das eigene Leben verlieben zu k\u00f6nnen, egal wie oft es einem das Herz gebrochen hat. Das eigene Leben nicht zu lieben: Dies kann sich in einer Vielzahl von Begebenheiten zeigen. Innere Unruhe, Unzufriedenheit, das Gef\u00fchl von Einsamkeit und Isolation. Durch die Gestalttherapie kann es m\u00f6glich werden, sich selbst wieder besser kennen zu lernen. Die Wahrnehmung des eigenen K\u00f6rpers und der eigenen Gedanken, der Beziehungen, aber auch der Welt um einen herum. Die eigenen Bed\u00fcrfnisse,\u00a0 Sehns\u00fcchte und W\u00fcnsche klarer zu sehen und zu akzeptieren, dass sie da sind. Den Mut zu gewinnen, sich f\u00fcr die eigenen W\u00fcnsche einzusetzen, auch wenn dies bedeutet, gegen manch ein Hindernis ank\u00e4mpfen zu m\u00fcssen. Dabei auch zu lernen, Grenzen zu setzen. G\u00fctig und freundlich auf die eigenen Wunden und Schw\u00e4chen zu schauen. Sich ohne \u00dcberheblichkeit \u00fcber die eigenen St\u00e4rken zu freuen! Ganz mit dem da zu sein was einen ausmacht.<\/p><p class=\"a-b-r-La\">Das Leben wird wieder bunter und fr\u00f6hlicher. Und dann passiert es. Das Herz \u00f6ffnet sich. Und man verliebt sich wieder. In das eigene Leben.<\/p>\t\t\t\t\t\t\t\t<\/div>\n\t\t\t\t<\/div>\n\t\t<div class=\"elementor-element elementor-element-49829294 e-con-full e-flex e-con e-child\" data-id=\"49829294\" data-element_type=\"container\">\n\t\t<div class=\"elementor-element elementor-element-5ec33fd3 e-con-full e-flex e-con e-child\" data-id=\"5ec33fd3\" data-element_type=\"container\">\n\t\t\t\t<\/div>\n\t\t<div class=\"elementor-element elementor-element-3a85fdc7 e-con-full e-flex e-con e-child\" data-id=\"3a85fdc7\" data-element_type=\"container\">\n\t\t\t\t<div class=\"elementor-element elementor-element-874159c elementor-widget elementor-widget-heading\" data-id=\"874159c\" data-element_type=\"widget\" data-widget_type=\"heading.default\">\n\t\t\t\t\t<h3 class=\"elementor-heading-title elementor-size-default\">Private Classes<\/h3>\t\t\t\t<\/div>\n\t\t\t\t<\/div>\n\t\t\t\t<\/div>\n\t\t\t\t\t<\/div>\n\t\t\t\t<\/div>\n\t\t<div class=\"elementor-element elementor-element-18675616 e-flex e-con-boxed e-con e-parent\" data-id=\"18675616\" data-element_type=\"container\">\n\t\t\t\t\t<div class=\"e-con-inner\">\n\t\t<div class=\"elementor-element elementor-element-559864ba e-con-full e-flex e-con e-child\" data-id=\"559864ba\" data-element_type=\"container\">\n\t\t\t\t<div class=\"elementor-element elementor-element-3e6c6b6a elementor-widget elementor-widget-heading\" data-id=\"3e6c6b6a\" data-element_type=\"widget\" data-widget_type=\"heading.default\">\n\t\t\t\t\t<h2 class=\"elementor-heading-title elementor-size-default\">Verlust und Trauer<\/h2>\t\t\t\t<\/div>\n\t\t\t\t<div class=\"elementor-element elementor-element-66152f63 elementor-widget elementor-widget-text-editor\" data-id=\"66152f63\" data-element_type=\"widget\" data-widget_type=\"text-editor.default\">\n\t\t\t\t\t\t\t\t\t<p><span style=\"font-weight: 400;\">Trauer will w\u00fcrdigen und Trauer will gew\u00fcrdigt werden. Verluste jeglicher Art k\u00f6nnen uns tief ersch\u00fcttern. Das k\u00f6nnen Todesf\u00e4lle sein, Trennungen oder Freundschaften, die pl\u00f6tzlich und laut oder leise und schier unbemerkt aus dem Leben scheiden. Gerne begleite ich dich in deinem individuellen Trauerprozess und unterst\u00fctze dich dabei, ein \u00dcbergang zu etwas Neuem zu schaffen und eine neue \u00d6ffnung hin zum Leben zu gestalten.<\/span><\/p>\t\t\t\t\t\t\t\t<\/div>\n\t\t\t\t<\/div>\n\t\t<div class=\"elementor-element elementor-element-ec3702a e-con-full e-flex e-con e-child\" data-id=\"ec3702a\" data-element_type=\"container\">\n\t\t\t\t<\/div>\n\t\t\t\t\t<\/div>\n\t\t\t\t<\/div>\n\t\t<div class=\"elementor-element elementor-element-1949d4a5 e-flex e-con-boxed e-con e-parent\" data-id=\"1949d4a5\" data-element_type=\"container\">\n\t\t\t\t\t<div class=\"e-con-inner\">\n\t\t<div class=\"elementor-element elementor-element-528282a5 e-con-full e-flex e-con e-child\" data-id=\"528282a5\" data-element_type=\"container\">\n\t\t\t\t<div class=\"elementor-element elementor-element-63a2357 elementor-hidden-mobile elementor-widget elementor-widget-heading\" data-id=\"63a2357\" data-element_type=\"widget\" data-widget_type=\"heading.default\">\n\t\t\t\t\t<h2 class=\"elementor-heading-title elementor-size-default\">Ashtanga Vinyasa Yoga<\/h2>\t\t\t\t<\/div>\n\t\t\t\t<div class=\"elementor-element elementor-element-6aca6af2 elementor-widget elementor-widget-text-editor\" data-id=\"6aca6af2\" data-element_type=\"widget\" data-widget_type=\"text-editor.default\">\n\t\t\t\t\t\t\t\t\t<p>St\u00fcck f\u00fcr St\u00fcck werde ich hier mehr zu den Themen schreiben, auf die sich meine Arbeit fokussiert. Schau gerne wieder hier vorbei!<\/p>\t\t\t\t\t\t\t\t<\/div>\n\t\t\t\t<\/div>\n\t\t<div class=\"elementor-element elementor-element-22c1dc70 e-con-full e-flex e-con e-child\" data-id=\"22c1dc70\" data-element_type=\"container\">\n\t\t\t\t<div class=\"elementor-element elementor-element-7989626c elementor-widget elementor-widget-heading\" data-id=\"7989626c\" data-element_type=\"widget\" data-widget_type=\"heading.default\">\n\t\t\t\t\t<h2 class=\"elementor-heading-title elementor-size-default\">Mysore Style<\/h2>\t\t\t\t<\/div>\n\t\t\t\t<\/div>\n\t\t\t\t\t<\/div>\n\t\t\t\t<\/div>\n\t\t\t\t<\/div>\n\t\t","protected":false},"excerpt":{"rendered":"<p>Reserve your spot today. Small group, mindful setting, all levels. Im eigenen Leben Ankommen Sinn der Gestalttherapie ist es in meinen Augen, sich wieder in das eigene Leben verlieben zu k\u00f6nnen, egal wie oft es einem das Herz gebrochen hat. Das eigene Leben nicht zu lieben: Dies kann sich in einer Vielzahl von Begebenheiten zeigen. [&hellip;]<\/p>\n","protected":false},"author":1,"featured_media":0,"parent":0,"menu_order":0,"comment_status":"closed","ping_status":"closed","template":"","meta":{"footnotes":""},"class_list":["post-195","page","type-page","status-publish","hentry"],"_links":{"self":[{"href":"https:\/\/franziska-schill.de\/index.php?rest_route=\/wp\/v2\/pages\/195","targetHints":{"allow":["GET"]}}],"collection":[{"href":"https:\/\/franziska-schill.de\/index.php?rest_route=\/wp\/v2\/pages"}],"about":[{"href":"https:\/\/franziska-schill.de\/index.php?rest_route=\/wp\/v2\/types\/page"}],"author":[{"embeddable":true,"href":"https:\/\/franziska-schill.de\/index.php?rest_route=\/wp\/v2\/users\/1"}],"replies":[{"embeddable":true,"href":"https:\/\/franziska-schill.de\/index.php?rest_route=%2Fwp%2Fv2%2Fcomments&post=195"}],"version-history":[{"count":42,"href":"https:\/\/franziska-schill.de\/index.php?rest_route=\/wp\/v2\/pages\/195\/revisions"}],"predecessor-version":[{"id":797,"href":"https:\/\/franziska-schill.de\/index.php?rest_route=\/wp\/v2\/pages\/195\/revisions\/797"}],"wp:attachment":[{"href":"https:\/\/franziska-schill.de\/index.php?rest_route=%2Fwp%2Fv2%2Fmedia&parent=195"}],"curies":[{"name":"wp","href":"https:\/\/api.w.org\/{rel}","templated":true}]}}